What is the units digit of v?
8
Let g(t) = -446*t**3 - t**2 + 7*t + 6. Let j be g(-3). What is the tens digit of (j/9 - -11) + (-2)/(-3)?
4
Let r be (-18)/(-90) + 19/5. Suppose 3*u - 153 = -r*d, -d - 2*d + 141 = -3*u. What is the tens digit of d/(-2)*(-6)/9?
1
What is the tens digit of ((-37990)/(-15)*1)/(2/12)?
9
Let n(h) = 11*h + 176. Let w be n(-16). Let x(f) = -47*f + 1078. What is the thousands digit of x(w)?
1
What is the hundreds digit of 7432 - -18*3/(-27)?
4
Suppose -4*o = -143 + 175. What is the tens digit of (o - -40)*(-51)/(-4)?
0
Let i = 200 - 1457. Let o = -838 - i. What is the tens digit of o?
1
Suppose -3148 = 11*s - 860. What is the tens digit of s/(-260) - (-12032)/10?
0
Let m be 1762/10*1 - (-1)/(-5). Suppose 166 + m = 3*q. What is the units digit of q?
4
Let r = -5330 - -10119. What is the tens digit of r?
8
Let w = 1312 + 14181. What is the tens digit of w?
9
Let r(q) = -347*q - 171. What is the units digit of r(-9)?
2
Suppose f + 5*m - 16559 = 0, -23*m = 2*f - 20*m - 33090. What is the tens digit of f?
3
Let j(w) = w**2 - 8*w + 13. Let z be j(13). Let f = z + -43. What is the tens digit of 2/5 - (-2926)/f?
8
What is the ten thousands digit of (6*7856)/1 - (315 - 316)?
4
Let l be (-1 + 84/(-8))/((-3)/6). Suppose -2*j - 2*d + 2018 = 0, -27*d = -3*j - l*d + 3020. What is the units digit of j?
8
Let m(k) = 77*k + 122. Let w = -606 - -614. What is the hundreds digit of m(w)?
7
Suppose -4*m = 3*t + 34 + 3, 0 = -4*t + 5*m - 39. Let o(f) = -54*f + 47. What is the hundreds digit of o(t)?
6
Let m(c) = c**3 - 3*c**2 - 3*c. Let f be m(-1). Let t(x) = -1541*x**3 + x - 1. What is the thousands digit of t(f)?
1
Let k = 160424 - 109410. What is the units digit of k?
4
Let m be (-4)/12*-3 + (-4)/(-2). Suppose -6*p + 4*p = 2, -3266 = -m*n - p. Suppose 7*d + 2*d = n. What is the tens digit of d?
2
Let d(p) = -2*p**3 - 12*p**2 - 10*p - 8. Let k be d(-5). What is the units digit of 109633/85 + k/10?
9
Let f(l) = -l - 1. Let b(r) = 28*r**2 - 22*r + 1. Let g(z) = b(z) - 3*f(z). What is the units digit of g(-4)?
8
Suppose -15 = -85*f + 80*f. Suppose -5*d + 2825 = -f*c, -6*d + 1695 = -3*d - 3*c. What is the hundreds digit of d?
5
Let w = -105 + 11750. What is the ten thousands digit of w?
1
Suppose 2*t = -6 + 12, 2*t = -3*a + 70452. What is the units digit of a?
2
What is the hundreds digit of ((-819)/(-252) - 9/4)*66837?
8
Suppose 4*l + 5232 = -73*f + 77*f, -2*f - 3*l + 2641 = 0. What is the hundreds digit of f?
3
Suppose 0 = 5*b + 3*i - 59291, 0 = -3*b + 2*i - 998 + 36546. What is the ten thousands digit of b?
1
Let a(t) = -32 + 5*t + t**2 + 14 + 11 + 10. Let f be a(0). Suppose 4*v = f*v + 120. What is the units digit of v?
0
Suppose 5*b = 43259 + 63261. What is the units digit of 8/(-44) + b/44?
4
Let g be 112353/(-51)*2/3*-3. Let v = -2860 + g. What is the tens digit of v?
4
Let i be (-1 + -8 + 4)/1. Let b = i - -10. Suppose 310 = 4*x + b*n, -4*n = 11 - 3. What is the tens digit of x?
8
Let t be 510/40 - (-3)/(-4). Suppose 0 = -l + 3*l + 4*v + t, -2*v - 6 = 2*l. Suppose 5*i + 120 - 540 = l. What is the tens digit of i?
8
Let z be (24/(-168))/(1/(-14)). Suppose -7*f + 2617 = -z*f + 4*w, 3*f - 1565 = -5*w. What is the hundreds digit of f?
5
Suppose 0 = -3*t + l + 3*l + 40, 4*t - 58 = 3*l. Suppose -9*r = -t*r - 4767. What is the tens digit of 1 + r/(-6) - (-1)/(-2)?
1
What is the hundreds digit of (5545/2)/(19/38)?
5
Let y(i) = -i**3 + 5*i**2 + 3*i + 17. Let w be y(6). Suppose 21 = -2*p - 3*t, -2*p - 3*p + 3*t = 21. What is the units digit of p*(-387)/(-135)*w*15?
8
Let j be -212 - (-4 - -2)*2. Let w = j - -736. What is the units digit of w?
8
Let x(c) = 15*c**2 - 2*c - 2. Let q(y) = -y**2 - 14*y - 5. Let g be q(-14). What is the hundreds digit of x(g)?
3
Let w(z) = 54*z**2 + 1946*z - 77. What is the tens digit of w(-53)?
7
Suppose -p + 23 - 922 = -3*j, -4*j + 4*p + 1188 = 0. Suppose 5*n + j = 1331. What is the tens digit of n?
0
Let d = 322 - -43. Suppose -5*i - d = -2*c, 2*c = -i - 0*i + 335. What is the tens digit of c?
7
Let c(x) = -x**2 + 16*x + 25. Let l be (4/30 + 104/120)*28. Let w be 1/2*l*1. What is the tens digit of c(w)?
5
Suppose 24*k + 4*v = 22*k + 153340, -3*k + 3*v + 230073 = 0. What is the thousands digit of k?
6
Let t(o) = -97*o**3 + 39*o**2 - 5*o + 8. What is the thousands digit of t(-5)?
3
Suppose n + 4*w - 345 = 62, -2*n - 2*w = -796. Let b = n + 8. What is the tens digit of b?
0
Let t = -96 - -118. Let h = 23 - t. What is the tens digit of 0 + h - (-18 + -205)?
2
Let l = 14919 - 3711. What is the thousands digit of l?
1
Let a(o) = -o**3 - 6*o**2 + 15*o - 14. Let n be a(-8). Let d(j) = -5*j**3 - 11*j**2 - 8*j - 8. What is the units digit of d(n)?
4
Suppose -3*z - i + 12 = -z, -z + 24 = 5*i. Let n be 11/z*10 - 3/2. Suppose 2*p - n = p - 5*l, 16 = -4*p + 4*l. What is the units digit of p?
1
Let m(r) = -190*r - 90. Let x be m(-19). Suppose 932 = 28*b - x. What is the hundreds digit of b?
1
Suppose -4*b + 6 = 2, -3 = -4*g + b. Suppose -g = 4*r - 9, -r = -5*u + 2758. What is the tens digit of u?
5
Let l = 20075 - 19342. What is the units digit of l?
3
Let f(w) = -1230*w - 53. Let s be f(7). What is the tens digit of (-108)/198 - s/11?
8
Suppose 148 = d + d. Let z be (-21279)/(-451) + (-8 - -9 - (-26)/(-22)). Let p = d - z. What is the units digit of p?
7
Let y(t) = -t**3 + 2*t**2 + 3*t + 3. Let d be y(-2). Let m be ((-21)/15 - -1)/(8/(-100)). Suppose d*g - 472 = m*g. What is the units digit of g?
9
Let l = -127672 - -199714. What is the units digit of l?
2
Let r = -11 - -14. Suppose r*z = 5*z. Suppose z = -m + 4*j + 83, 3*m - 2*j - 179 = -4*j. What is the tens digit of m?
6
Suppose -16 = -w + 3*b, 3 = -3*w - 3*b + 27. Let d be (25 + -2)/((-5)/w). Let q = -39 - d. What is the units digit of q?
7
Let i be (-24)/(-54)*-12*-3. Suppose i*u - 11623 + 3639 = 0. What is the tens digit of u?
9
Let i(q) = 15*q**2 + q + 552. What is the tens digit of i(26)?
1
Suppose 0 = 3*r - 3*c - 95 + 617, r = 5*c - 194. Let o = r - -418. What is the units digit of o?
9
Suppose -2 + 38 = 9*u. What is the units digit of (18 - 13)*u/10 - -572?
4
Let k(h) = 27*h**2 - 32*h + 394. What is the units digit of k(34)?
8
Let y(v) = 4*v**2 + 8*v. Let l = 84 + -88. Let h be y(l). Let w = h + 112. What is the tens digit of w?
4
Let r = -14945 - -45867. What is the units digit of r?
2
Let w = -36 - -38. Suppose -3*x - w*x = -0*x. Suppose -g + 2 = -3*g, x = 5*c + 5*g - 590. What is the tens digit of c?
1
Suppose 3*n - 1 = 4*d, 12 = 9*n - 5*n. Let p(l) = -l**3 + 0*l**2 + 8*l**2 - 41 - 13*l + 0*l**3 - 20*l**d. What is the tens digit of p(-12)?
1
Let u(w) = -549*w + 27. Let b be 3/(-9)*(-78)/(-13). What is the hundreds digit of u(b)?
1
Suppose -23 = -i - 2*y, 3*i - 2*y + 3*y = 49. Let z = -11 + i. Suppose -3*w + z*l + 35 = -80, -4*w + 3*l = -144. What is the tens digit of w?
3
What is the hundreds digit of ((-2 + -68)/(15/(-20)))/((-62)/(-651))?
9
Let l = -773 - -676. Let q = 1218 + l. What is the thousands digit of q?
1
Suppose 3*c = -5*r + 17, -2*r + 46 = 4*c - 0*r. Suppose 8*g = c*g - 12. Suppose 380 = g*v + 2. What is the hundreds digit of v?
1
Suppose 3*i - 138 = 5*s + 162, 0 = -3*s - 4*i - 151. Let v = 109 - s. Suppose -4*l = -2*w - v, 122 = 2*l + l - 4*w. What is the units digit of l?
2
Let b = -373 + 7976. What is the hundreds digit of b?
6
Suppose 3*t + 38835 = 3*v, -2*t = v - 2547 - 10383. What is the tens digit of v?
4
Let r(c) = -5*c**3 + 2*c**2 + 8*c - 14. Let d be r(-6). Let p = -660 + d. What is the units digit of p?
0
Let u(i) = -291*i - 159. Let f be u(10). What is the thousands digit of 1*((-5)/(-10) + f/(-2))?
1
Let h = -72 - -58. Let c be 164/h + (-8)/28. What is the tens digit of 6/c + (-813)/(-6)?
3
Let a = 8 + -2. Suppose -a*g + 248 = -22. What is the tens digit of 6/5*2550/g?
6
Suppose 402*l - 422*l = -65340. What is the hundreds digit of l?
2
Let j be ((-51)/34)/(1/(-2)) - -2457. Suppose j = -80*t + 84*t. What is the tens digit of t?
1
Let a = -18 + 22. Suppose 5*i - z + 317 = 0, 4*i = -a*z - 268 - 0. Let b = 6 - i. What is the tens digit of b?
7
Suppose 0 = -2*i - 3*l + 66 + 113, 2*l = 5*i - 476. Let t = i - 94. Suppose t = 5*m - 4*j + 5*j - 975, -5*j - 780 = -4*m. What is the hundreds digit of m?
1
Let i = 118 - 7. Let r = i + 150. What is 